 digit of u(b)?
8
Let z be (14/10 - 1)*(-43 + -2). Let m(i) = i**2 + 16*i - 50. Let y be m(z). What is the units digit of (-4)/y - ((-165)/35 + 1)?
4
Let g(p) = -4*p**3 + 13*p**2 + 11*p - 2. Let r be g(6). Let i = 554 + r. What is the tens digit of i?
2
Let f = -276 - -570. Let h = -229 + f. What is the tens digit of h?
6
Let y(i) = -1 + 1 + 546*i. Let t be y(2). Suppose 7*m = 14*m - t. What is the hundreds digit of m?
1
Suppose 119172 = 2*c + 4*g, 1454*c = 1451*c + 2*g + 178750. What is the tens digit of c?
8
What is the hundreds digit of -6 + 3 + -5 + (-326480)/(-53)?
1
Suppose -27 = -4*l - 3*k, -7*l + 4*k - 5 = -2*l. Let p(b) = 7*b**2 + b + 1. Let g be p(l). Suppose 2*s - 2 = 0, 3*o - 4*s = g + 40. What is the tens digit of o?
3
Suppose -14 - 58 = -9*k. Suppose -k*c + 28 = -c. Suppose -c*j = -3*j - 68. What is the units digit of j?
8
Suppose -4*x + 10307 = -0*o + 5*o, -2*o + 4133 = 5*x. What is the hundreds digit of o?
0
Let n be 80/14 - 12/(-42). Let b(a) = 25*a + 5. Let f be b(n). Let j = f - 93. What is the tens digit of j?
6
What is the thousands digit of (4288800/(-4200))/(4/(-70))?
7
Suppose 7671 = 6*f + 2019. Suppose -12*o - f = -15*o. What is the tens digit of o?
1
Let g(j) = 85*j + 38. Let a = -382 - -386. What is the tens digit of g(a)?
7
Let m(s) = -20*s - 20. Let g = 29 + -44. What is the tens digit of m(g)?
8
Let i be ((-186)/(-30) + 3)/((-1)/5). Let r = 322 + i. What is the tens digit of r?
7
Let n(u) = u**2 - 31*u - 43. Let o be n(24). Let q = o - -367. What is the tens digit of q?
5
Let n = -41 - -93. Suppose -i + 3*i = 5*s - 62, -4*i = -4*s + n. Suppose -s*v + 8 = -8*v. What is the units digit of v?
2
What is the thousands digit of (1100/880)/((-18954)/(-47360) - (-8)/(-20))?
5
Suppose -2*n + 0*n - 4*b - 560 = 0, 310 = -n + 4*b. Let v = n - -546. What is the tens digit of v?
5
Let z(m) = 557*m**2 - 2*m - 3. What is the units digit of z(3)?
4
What is the tens digit of -1*(1585309/(-165) - (-7)/(-105))?
0
Let q be ((-8)/(-4) + -2)/1. Suppose q = 2*a + 4 - 32. Suppose 2*i + 2*o = 66, a = 2*i - 2*o - 32. What is the tens digit of i?
2
Let n be (-13)/52 + 442/8. Suppose 2*c + 3*k + 22 = 4*c, 5*c = -4*k + n. Suppose -76 = -4*i + 3*x + c, -i - 2*x = -8. What is the tens digit of i?
1
Let f(l) = l**2 - 12*l - 43. Let b be f(15). Suppose -5*x = b*p - 3480, 9*p = -3*x + 11*p + 2088. What is the tens digit of x?
9
Suppose 20*j = 18*j + 4*x + 19756, 0 = 2*j - x - 19768. What is the tens digit of j?
8
Suppose -7 - 49 = -8*o. Suppose o*g = -5*u + 6*g + 388, -386 = -5*u - 2*g. Suppose -u = -2*j - j. What is the units digit of j?
6
Let f(y) = -y + 32. Let n be f(9). Suppose 19*v - n*v = -860. What is the hundreds digit of v?
2
Suppose -24 = -3*w - 5*s, 2*s = 2*w + s - 29. What is the hundreds digit of (w + 1)/(41/1763)?
6
Let u(c) = 13905*c**3 + c**2 - 39*c + 39. What is the ten thousands digit of u(1)?
1
Let w = 39 - 26. Suppose 3*m = h + w, 0*h = -4*m - 4*h - 4. Suppose -5*i = -5*y + 355, -237 = -3*y - 0*y - m*i. What is the units digit of y?
5
Let t(a) = 2*a**2 - 13*a + 17. Let k be t(4). What is the hundreds digit of (-32318)/(-44) - ((-18)/(-4))/k?
7
Suppose 64*k + 12 = 65*k. What is the hundreds digit of k/4 + 74*2?
1
Let v(j) = -8*j**3 - 2*j**2 - 13*j - 11. Let k be v(-5). Suppose t - 1243 = -5*h + 2*t, -4*h + k = -4*t. What is the hundreds digit of h?
2
Suppose -154*j + 261*j = 133*j - 351988. What is the ten thousands digit of j?
1
Suppose -4*f + 2*g + 22 = 0, 5*g = 6*f - 2*f - 31. Suppose -1063 - 57 = -f*m. What is the units digit of m?
0
Suppose -4*t + 4 = 0, 4*d + 2*t - 3106 = 41656. What is the thousands digit of d?
1
Let v(p) = p - 10. Let o be v(14). Let r be (-50)/(-5) - o - (-1 - 2). What is the units digit of (-426)/(-9) + 6/r?
8
Suppose -93*f + 92*f + 5*w + 26782 = 0, -f + w = -26790. What is the ten thousands digit of f?
2
Suppose -3*i - 4*s + 2198 = 0, 1 = -5*s + 4*s. Suppose -g - d + 2*d + i = 0, -5*d = 5. What is the tens digit of g?
3
Let t(h) = h**3 - 27*h**2 - 2*h + 54. Let g be t(27). Suppose g = 6*w - 2050 - 590. What is the units digit of w?
0
Suppose 4*c = -5*n + 39727, 2*n = 14*c - 9*c - 49667. What is the hundreds digit of c?
9
Suppose -407 = -3*k + 2*t, 3*k - 3*t + 537 = 7*k. Let z = -65 + k. Suppose 11*o - 381 = z. What is the tens digit of o?
4
Let w(l) = l**2 - 41. Let n be w(-6). Let i(a) = a**2 - a - 1. Let s be i(-2). What is the units digit of (-1)/(s/(-458)) - 2/n?
2
Let k(b) = b**2 + 33*b - 104. Let z(n) = 2*n**2 + 36*n - 103. Let t(q) = -5*k(q) + 4*z(q). What is the tens digit of t(18)?
0
Let s(a) = -2 + 4 - a**2 + 0*a**2 + 5. Let r be s(2). Suppose -2*t = -r*h - 5*t + 813, -4*h + 1039 = -5*t. What is the units digit of h?
6
Let a(y) = y**2 + 5*y + 6. Let c be ((-4)/(8/3))/((-4)/(-8)). Let x be a(c). Suppose 833 = 5*i + q, 3*i - 492 = -x*i + 2*q. What is the tens digit of i?
6
Let k = 135 + -195. Let s = 106 + k. Let c = 7 + s. What is the tens digit of c?
5
Let f(k) = -17*k**2 - 5*k + 15. Let l(x) = x**2 + 1. Let c(n) = -f(n) + l(n). Let s be 18/24*(-6)/6*-4. What is the units digit of c(s)?
3
Let q = 82 + -58. Suppose -2*i - 284 = q. What is the tens digit of 1/(0 + (-1 - 0))*i?
5
What is the hundreds digit of 8/(-32) + (-7853)/(-4)?
9
Let u = 44968 - 25026. What is the thousands digit of u?
9
Let y be 60/135 - (39056/18)/4. Let p = y - -1518. What is the hundreds digit of p?
9
Suppose -2*v + 11513 = -5*q, 2077*v - 2075*v + 3*q = 11569. What is the units digit of v?
4
Let f(b) be the second derivative of b**5/20 + 23*b**4/12 - 2*b**3/3 + 16*b**2 - 22*b. What is the units digit of f(-16)?
8
Let n(t) = -94 - 10*t + 2*t - 2*t + 411. What is the units digit of n(0)?
7
What is the tens digit of 117*(14328/40 - 5) - (-14)/(-35)?
2
Suppose -89*h + 5*c = -92*h + 4144, 7*c = -2*h + 2748. What is the thousands digit of h?
1
Let l(c) = -14*c + 42. Let j be l(-18). Suppose 4*g - 2*g = j. Let f = g + 94. What is the units digit of f?
1
Suppose 5*x = 9*q - 6*q - 1481, 0 = 3*x + 12. What is the units digit of q?
7
Let m = 5296 - -5792. What is the hundreds digit of m?
0
Let a be 32 + -29 - -1*4/1. Suppose -3*z = -a*z + 8. What is the units digit of (333/24)/1 + z/16?
4
Suppose -9*o + 11*o = 3*i + 10291, o - 5*i = 5135. What is the thousands digit of o?
5
Suppose -26*l + 6207 + 241625 = 0. What is the hundreds digit of l?
5
Let b be (-12)/138 + 175/161. What is the hundreds digit of (b + 338)*1 + (3 - 5)?
3
Suppose 5*d - 6321 = -2*g, -d = -15*g + 18*g - 9488. Let y = -2226 + g. What is the hundreds digit of y?
9
What is the units digit of 12/66 - (1074635/(-55) + 5)?
4
Let s be 2/(-8)*(-64 + 3 + 1). Suppose 5*w = -5*h + 3775, 5*w - 3763 = 16*h - s*h. What is the units digit of w?
3
Suppose p = 1, -5*v + 4*p = 2062 - 6823. What is the hundreds digit of v?
9
Suppose -2*v + 1004 = 24. Suppose 0 = 7*s - 2*s - v. Suppose 142 = 4*o - 3*r, 2*r + 0*r = -3*o + s. What is the tens digit of o?
3
Let u(r) = 39*r**3 - 29*r**2 - 3*r + 33. What is the thousands digit of u(6)?
7
Suppose -136*k + 144*k = 24. Suppose 0 = -9*o + k*o + 5880. What is the tens digit of o?
8
Let k be 12*(6/(-3))/(-4). Suppose 6*s - 1382 - 640 = 0. Suppose 0 = -2*m - 11*p + k*p + s, -3*p = -3*m + 474. What is the hundreds digit of m?
1
Suppose -2*j = -4*x + 44, 8*j - 5*j = -2*x + 22. Let p = x - 13. What is the tens digit of (p/3)/(15/(-1395))?
6
Let q be 1122 + 3 + (-4)/(16/12). Let u = q - 93. What is the thousands digit of u?
1
Let s(x) = 2939*x**3 + 12*x**2 - 17*x + 29. What is the tens digit of s(2)?
5
Suppose -v = 2*i - i - 17, -45 = -3*v + 3*i. Let o be (v/(-24))/((-6)/(-63)). What is the units digit of (-655)/(-7) + 4/o?
3
Suppose -27*s = 27*s - 53*s - 2875. What is the thousands digit of s?
2
Let w(h) = 12307*h + 99. What is the units digit of w(1)?
6
Let t be (100/(-15))/(4/18). Let w = 27 + t. What is the tens digit of (12/8)/(w/(-20))?
1
Suppose 5*w = -239 - 776. Let s be (-81)/135 + 5832/20. Let m = s + w. What is the units digit of m?
8
Let m be -2*(-6)/(24/(-122)). Let n = -58 - m. Suppose 0 = n*j + 4*c - 685, 4*j = j + 2*c + 715. What is the tens digit of j?
3
Let d = 4705 + -3070. Let w = d - 762. What is the hundreds digit of w?
8
Let f be (-1)/(378/(-94) + 4). Let z = 47 - f. Suppose 0 = 3*w - 4*i - 91, -w + 3*i = -z - 27. What